40237 composite?
True
Is 411569629 composite?
True
Is 884046577 a prime number?
False
Is 2410057057 a prime number?
False
Is 774640073 a composite number?
True
Is 3841637901 a prime number?
False
Is 10982021829 prime?
False
Is 106568593673 prime?
True
Is 12185834029 a composite number?
True
Is 18265877697 a prime number?
False
Is 10220316703 a composite number?
False
Is 22015115021 composite?
True
Is 21852235653 a prime number?
False
Is 22022151037 prime?
False
Is 91541777 a prime number?
False
Is 27683395147 prime?
True
Is 28631527157 a prime number?
True
Is 1365890941 a composite number?
False
Is 153203861 a composite number?
False
Is 18464534749 composite?
False
Is 140995788013 prime?
False
Is 45928373207 prime?
False
Is 1337317249 a composite number?
False
Is 189990943 prime?
False
Is 774009343 a prime number?
False
Is 141409647403 a composite number?
False
Is 19986341483 a prime number?
False
Is 2623013333 prime?
False
Is 209176023409 a prime number?
False
Is 450894977 a composite number?
True
Is 1392447587 a prime number?
False
Is 29167816031 prime?
True
Is 3586825339 composite?
True
Is 5860900771 a prime number?
False
Is 245366183 a prime number?
False
Is 2740399901 a prime number?
True
Is 9352644909 a composite number?
True
Is 119828642 composite?
True
Is 499130833 a prime number?
True
Is 144658492235 prime?
False
Is 1079820281 a prime number?
True
Is 19731044699 a prime number?
True
Is 542557031 composite?
False
Is 51286997 prime?
True
Is 1271616611 a prime number?
False
Is 726828973 a prime number?
False
Is 332501167 a prime number?
False
Is 18333539941 a prime number?
False
Is 30979784239 composite?
False
Is 15899903983 a prime number?
True
Is 1043653159 prime?
False
Is 19868282737 prime?
False
Is 326431393 a composite number?
True
Is 4630651342 composite?
True
Is 149577677 a prime number?
False
Is 1952239661 composite?
True
Is 155083031 a prime number?
True
Is 1128288719 prime?
True
Is 5731227701 a prime number?
True
Is 7998407026 a composite number?
True
Is 14847676097 composite?
True
Is 118622388683 a composite number?
True
Is 81294197 prime?
True
Is 22330129169 prime?
False
Is 8104335433 a prime number?
False
Is 39670124507 a prime number?
False
Is 71293042439 a prime number?
False
Is 16377335977 prime?
True
Is 28368878963 a composite number?
True
Is 4441337503 a prime number?
True
Is 13913486689 a prime number?
False
Is 2726069063 a composite number?
True
Is 298635881 a prime number?
False
Is 205627148069 composite?
True
Is 3327714307 composite?
False
Is 76374391 composite?
False
Is 771245401 a prime number?
False
Is 74176131 composite?
True
Is 3888908333 composite?
True
Is 18390673261 prime?
True
Is 2895668003 a composite number?
False
Is 110895339901 a composite number?
False
Is 13417003487 prime?
True
Is 2770557061 prime?
True
Is 4920776755 composite?
True
Is 2750769523 a prime number?
False
Is 13598589113 a prime number?
False
Is 14945330005 prime?
False
Is 18620951521 composite?
True
Is 133690615853 a prime number?
False
Is 52141253539 composite?
False
Is 739614329 a composite number?
False
Is 86215121 a prime number?
True
Is 3464012339 a prime number?
True
Is 11034868709 composite?
True
Is 1475800153 prime?
True
Is 211090289 composite?
True
Is 68965350361 a composite number?
False
Is 23016789767 prime?
True
Is 4326035345 prime?
False
Is 417959911 a composite number?
False
Is 799023767 prime?
True
Is 5413632359 composite?
False
Is 13627350161 a composite number?
True
Is 6976039093 composite?
False
Is 3942419363 prime?
False
Is 4554292289 a composite number?
False
Is 261436157 a prime number?
True
Is 373776547 prime?
False
Is 3066347 a composite number?
False
Is 8449996699 composite?
True
Is 10875361865 a prime number?
False
Is 567796597 a composite number?
True
Is 203675291 a composite number?
True
Is 2147912113 composite?
False
Is 321445927 a composite number?
True
Is 19024322897 composite?
False
Is 27665318203 composite?
True
Is 14789417141 a composite number?
False
Is 12917939 a prime number?
True
Is 1647176459 prime?
True
Is 20000145007 a prime number?
True
Is 1828844957 prime?
True
Is 91747065031 composite?
False
Is 10128465043 a prime number?
True
Is 14761657949 a prime number?
True
Is 617245561 composite?
False
Is 6495407365 a prime number?
False
Is 5282088433 a composite number?
False
Is 26086388297 prime?
True
Is 884673583 prime?
True
Is 1192004173 a prime number?
False
Is 795038327 a prime number?
False
Is 14788992734 composite?
True
Is 168507293 prime?
True
Is 4745574389 composite?
False
Is 27398557111 prime?
True
Is 949816411 prime?
True
Is 8105906777 prime?
True
Is 1416067189 a composite number?
False
Is 45142748491 composite?
True
Is 661084327 prime?
True
Is 349597371801 a composite number?
True
Is 1907670727 a composite number?
True
Is 900591599 a prime number?
False
Is 12073913647 prime?
False
Is 2848964621 a composite number?
True
Is 14871977443 composite?
True
Is 32682440501 a prime number?
True
Is 1581625691 a composite number?
True
Is 926225071 prime?
True
Is 629886683 a composite number?
False
Is 3335460017 composite?
False
Is 54039427861 a composite number?
True
Is 90931985479 a composite number?
True
Is 2243459003 prime?
True
Is 86175665471 prime?
False
Is 7929373451 a prime number?
True
Is 437115215 a composite number?
True
Is 206165552291 composite?
False
Is 752810767 a prime number?
True
Is 38319404395 a composite number?
True
Is 150298417 prime?
False
Is 3403783 a composite number?
False
Is 2887537109 a prime number?
False
Is 13322138839 composite?
False
Is 749799893 a prime number?
True
Is 3268396903 prime?
False
Is 41258475901 a composite number?
True
Is 33507516115 prime?
False
Is 660748121 prime?
False
Is 48275698409 a prime number?
True
Is 145797221369 a composite number?
False
Is 18950978023 a prime number?
True
Is 14490046121 prime?
True
Is 112570417 a prime number?
True
Is 4923044795 a composite number?
True
Is 36955474351 composite?
False
Is 2251578683 a composite number?
True
Is 1790436079 composite?
False
Is 129381329689 a prime number?
False
Is 691604803 a composite number?
False
Is 897575297 composite?
True
Is 2302106813 composite?
False
Is 1508218021 a composite number?
True
Is 11823507434 a prime number?
False
Is 246870084349 composite?
True
Is 7426690511 a prime number?
True
Is 116179783243 a prime number?
True
Is 14286430219 a prime number?
True
Is 26997848249 composite?
True
Is 100104079 composite?
True
Is 894577423 composite?
False
Is 102669519 prime?
False
Is 4008719053 a prime number?
True
Is 843170749 a prime number?
True
Is 8468240489 composite?
False
Is 822517313 prime?
False
Is 4440059693 a composite number?
False
Is 1479714043 composite?
False
Is 1088363963 composite?
False
Is 46533896711 composite?
True
Is 881993867 a composite number?
True
Is 1089962791 prime?
False
Is 725732563 a prime number?
False
Is 63468845893 a composite number?
True
Is 247732837949 a composite number?
False
Is 49639270999 composite?
False
Is 1559454553 a prime number?
False
Is 2310511507 composite?
False
Is 3099187183 composite?
False
Is 1308836131 composite?
True
Is 188914577 prime?
True
Is 10187136958 prime?
False
Is 53992940387 composite?
True
Is 4478214581 prime?
False
Is 4531474823 composite?
True
Is 13420537393 composite?
False
Is 3527869361 composite?
True
Is 616825313 a prime number?
False
Is 821949578 prime?
False
Is 1098519091 composite?
False
Is 426103214 a composite number?
True
Is 906887669 a composite number?
False
Is 1268411647 a prime number?
True
Is 16325134387 a composite number?
True
Is 392901407 a composite number?
False
Is 87819659243 composite?
False
Is 17991601643 a composite number?
False
Is 272641667 a composite number?
False
Is 3665446067 prime?
True
Is 2914807097 prime?
False
Is 20573328883 a composite number?
False
Is 977360203 prime?
True
Is 42751711 composite?
True
Is 110856873443 prime?
False
Is 7907564617 composite?
False
Is 2370968987 a prime number?
True
Is 2774095687 composite?
True
Is 447290054 composite?
True
Is 34790452897 prime?
False
Is 1460992003 prime?
False
Is 5394969793 composite?
True
Is 22901203519 composite?
True
Is 1325882783 a composite number?
False
Is 120967861349 prime?
False
Is 29499517981 a composite number?
False
Is 13824397351 a prime 